 5*c + 19. Let m be -15 - -19 - (-6 - -1). What is the greatest common factor of g and m?
1
Suppose 0 = 3*z - 6 - 0. Let w(p) = 32*p - 8. Let m be w(z). Calculate the greatest common factor of m and 7.
7
Suppose -4*h - 76 + 1336 = 0. Calculate the greatest common divisor of 5 and h.
5
Let i be (-81)/((-1 + (-6)/(-7))*7). What is the greatest common divisor of i and 27?
27
Let l(o) = -o**3 + 36*o**2 + 92*o + 37. Let y be l(38). What is the greatest common factor of y and 86?
43
Suppose 3*y - 3*z = 150, z = 43*y - 48*y + 256. Let d(i) = 33*i**2 - 2*i - 1. Let t be d(-1). Calculate the greatest common factor of y and t.
17
Suppose 5*d - 39 = 11. Let r(u) = -14*u - 6. Let o be r(2). Let s = 64 + o. Calculate the greatest common factor of s and d.
10
Let a(n) = -234*n**2 - 6*n + 4. Let l(v) = 78*v**2 + 2*v - 1. Let x(y) = 2*a(y) + 7*l(y). Let g be x(-1). Calculate the greatest common factor of 11 and g.
11
Let m be (465/(-9))/((-33)/396). What is the greatest common divisor of 80 and m?
20
Let r = -250 - -241. Suppose -5*m + m + 9 = f, -m = 3*f + 6. Let b be 6/r - 8/f. What is the highest common factor of b and 4?
2
Let s(a) = a - 15. Let n be s(13). Let r be -2*(n + 1/(-2)). Suppose -3*y = u + y - 105, r*u = -4*y + 589. What is the greatest common divisor of 11 and u?
11
Let m be 130/2 - (157 - 161). Suppose 4*o + 4*z - 96 = 0, z = -4*o + 125 - 32. What is the greatest common divisor of m and o?
23
Suppose -7*v + 26*v = 171. What is the highest common divisor of v and 279?
9
Let z = -212 + 265. Calculate the highest common factor of 424 and z.
53
Suppose 10*x = 11*x - 1. Let y = 5 - x. Suppose u = 2*p + 120, -u + p = y*u - 564. Calculate the greatest common divisor of u and 28.
28
Let u be (2/(-3))/(2/(-69)). Suppose 5*w + 2*l - 3*l - 21 = 0, 5*w - 3*l - u = 0. Suppose w*j + 47 = 175. What is the highest common factor of 8 and j?
8
Suppose 361 + 354 = 11*q. What is the highest common factor of q and 20?
5
Let w be (-2 - -2)*(2 - 3). Let f be -5*2 + (3 - w). Let a = f + 20. Calculate the greatest common factor of a and 117.
13
Let a(c) = -c - 2. Let b(g) = 1. Let v(p) = a(p) + 2*b(p). Let r be v(-6). Let n = 44 + 10. What is the highest common divisor of r and n?
6
Let z(i) = -i**2 - 5*i + 8. Let o be z(-7). Let w be 14/6 + 2/o. Let m be w/8 + (-1196)/(-16). What is the highest common factor of m and 25?
25
Suppose -6 = -0*v + 3*v + 3*r, 2*v - r - 8 = 0. Let u be (v + (-21)/(-1))*1. What is the highest common divisor of 23 and u?
23
Suppose 0 = 294*p - 291*p - 858. What is the highest common factor of p and 22?
22
Suppose -3*b + 48 = -2*g, -2*b + 33 = -0*b - g. Suppose 4*z - 204 = -4*m, -3*m + 0*m - 171 = -3*z. Calculate the greatest common factor of b and z.
18
Let v be (2 - (-2)/(-8)) + 4/16. Suppose v*w - 21 = 13. Calculate the greatest common factor of 68 and w.
17
Let l = -407 - -410. What is the highest common divisor of 24 and l?
3
Let w(i) = -7*i - 1. Suppose -3*f = 12 - 9. Let p be w(f). Calculate the highest common factor of 12 and p.
6
Let x(u) = 62*u**2 + u + 2. Let v be x(2). What is the highest common factor of v and 28?
28
Let i be (-2)/(-13) + 4/(-26). Let w be 2 + -1 - i - -24. Let h = w - -45. What is the highest common divisor of h and 28?
14
Suppose -u - 4 = 4*h, -h - 4*u + 6*u - 10 = 0. Let y be (-1)/2*h + 4. Suppose -240 = p - y*p. Calculate the greatest common factor of p and 12.
12
Let c = 1703 + -1181. Suppose c = 6*k - 0*k. Calculate the highest common factor of 58 and k.
29
Let g(u) be the third derivative of 5*u**2 - 1/2*u**3 - 1/24*u**4 + 0*u + 0 + 1/6*u**5. Let l be g(3). What is the greatest common factor of 56 and l?
28
Let y be (-188)/14 - (-4)/(-7). Let z = y + 17. Suppose -n = -z*c + 9 + 25, -2*n - 58 = -5*c. Calculate the greatest common factor of 10 and c.
10
Let g = 15 + -14. Suppose 0 = 5*s - 20, 4*a = 2*s - 5 + g. Calculate the highest common divisor of a and 4.
1
Let l(c) = -2*c + 31. Let d be l(10). Suppose -d = 22*g - 23*g. Let n be (2 - 2) + 44/1. What is the greatest common divisor of g and n?
11
Let r be 55/(5 + (-63)/14). Calculate the greatest common divisor of r and 22.
22
Suppose 0 = q - 5*q - 4, -2*n = 4*q + 12. Let h(m) = -m**3 - 3*m**2 + 5*m + 7. Let c be h(n). What is the greatest common divisor of c and 9?
3
Let f(n) = n + 29. Let l(d) = 2*d - 3. Let p be l(2). Let g be (18/(-24))/(p/12). Let u be f(g). Calculate the greatest common divisor of u and 30.
10
Suppose 5*h = 5*g - 9 - 56, 2*h + 40 = 3*g. Calculate the highest common factor of 7 and g.
7
Suppose s + 30 = -y + 391, 0 = -4*y + 4*s + 1412. What is the highest common factor of 84 and y?
21
Suppose 154*p = 162*p - 296. What is the highest common divisor of 1184 and p?
37
Let z = -74 - -84. Let j(q) = -q**3 + 11*q**2 - 9*q + 5. Let h be j(10). What is the greatest common factor of h and z?
5
Suppose -v = 3, -r + 0*v = 5*v. Let f(z) = -68*z**3 - 2*z**2 - 3*z - 2. Let s be f(-2). Let d = s - 375. What is the highest common factor of d and r?
15
Let z(i) = 4. Let r(d) = -d - 16. Let t(k) = 2*r(k) + 9*z(k). Let s be t(-4). Calculate the greatest common factor of 30 and s.
6
Let h(j) = -105*j. Let f be h(-1). Suppose a = 4*m - 6*m + 108, -a - 5*m + f = 0. Let d be ((-2)/3)/((-1)/15). What is the highest common factor of d and a?
10
Let q be -6*-2*(-2)/(-12). Let t(s) = 2*s**3 + 3*s**2 - 4. Let y be t(q). Suppose 2*d - y = z, z + z - 8 = 0. What is the greatest common divisor of d and 2?
2
Let k(d) = -d**3 + 40*d**2 + 176*d + 12. Let n be k(44). Calculate the greatest common divisor of n and 2892.
12
Let y be -8*((-5)/(-10) - 0) + 23. Calculate the highest common divisor of 1273 and y.
19
Let o = -257 - -359. What is the highest common factor of 153 and o?
51
Let d = 1058 - 1040. Let y = 94 + -58. Calculate the greatest common divisor of d and y.
18
Let y(a) = 3*a + 159. Let m be y(-29). Calculate the highest common divisor of 120 and m.
24
Let v be 4 + -7 + 1*-34. Let f be (1 + v)/((-6)/21). Suppose 2*h = 8*h - f. What is the greatest common factor of h and 3?
3
Let n = 906 - 886. Calculate the greatest common divisor of n and 2620.
20
Let d = -13 - -61. Suppose 0 = 2*j + 3*v - 66, -5*j + 10*j - 176 = -2*v. What is the greatest common divisor of d and j?
12
Let h(x) = -24*x + 4. Let v be h(-4). Suppose 4*u - 200 = -3*b, -2*b + 3*u + v = -u. Calculate the greatest common factor of b and 20.
20
Suppose -3*d = 43 - 13. Let h be d*(2 - 2 - 3). Suppose v + 7 = y, 0 = 3*v - 20 + 5. What is the highest common divisor of y and h?
6
Suppose -3*a + 3*x + 98 + 37 = 0, -57 = -a + 4*x. Suppose 46*b = a*b + 75. What is the greatest common divisor of b and 195?
15
Suppose -98*x = -99*x - 3*z + 846, 5*x + 2*z - 4282 = 0. What is the highest common divisor of 66 and x?
66
Let n be (-4045)/(-25) - ((-21)/(-7))/(-15). Calculate the greatest common factor of 90 and n.
18
Suppose -3*l - 17 = -59. Let q be 3 - (-2 - (-2 + l)). Let y(i) = i**3 - 29*i**2 + i - 12. Let g be y(29). Calculate the highest common factor of q and g.
17
Let i = -16 + 17. Suppose 3*f - 3 = -l - 2*l, -f - 7 = -3*l. Let d be 2/(3/(-4) - f). What is the highest common divisor of i and d?
1
Let o = -32 + 46. Let w be (4/(-2))/((-1)/(-210)*-5). Calculate the highest common factor of o and w.
14
Let n be 40/(-90) - (2 + (-184)/9). Let z be (28/(-10))/((-3)/135). Calculate the greatest common divisor of n and z.
18
Suppose -r - 2*r + 24 = 0. Suppose 3*x = -2*f - r + 34, 3*f + 2*x - 44 = 0. Let i be (-558)/(-21) + f/(-28). What is the greatest common factor of i and 65?
13
Suppose -31*t + 3171 + 53 = 0. Calculate the greatest common divisor of 130 and t.
26
Let b = 466 + 334. Calculate the highest common divisor of b and 32.
32
Let t(p) = 3*p**2 - 4*p - 5. Let n be t(-2). Let g = -3 + n. Calculate the highest common divisor of 8 and g.
4
Suppose -8*o + 20 = -3*o. Suppose 4*v - 4 - 5 = -b, v - 1 = 0. Suppose -b*s + o = -11. Calculate the greatest common factor of 3 and s.
3
Let q = -769 + 774. What is the highest common factor of q and 10?
5
Let z(u) = u**2 + 2*u + 10. Let h(m) = m**2 - 8*m + 9. Let q be h(4). Let n be z(q). Calculate the highest common divisor of n and 9.
9
Suppose 0 = -5*z + 3*w - 10, -z - w - 5 + 3 = 0. Let m be (z + -30 + 3)/(-1). Calculate the greatest common divisor of m an